t is the highest common factor of 4 and 106?
2
Calculate the highest common divisor of 9 and 6849.
9
What is the highest common factor of 1274 and 26?
26
Calculate the highest common factor of 44 and 176.
44
Calculate the greatest common factor of 21920 and 10.
10
Calculate the greatest common divisor of 9620 and 104.
52
Calculate the greatest common factor of 711 and 79.
79
What is the greatest common divisor of 380 and 19?
19
What is the greatest common divisor of 215 and 80195?
215
What is the highest common divisor of 42 and 2121?
21
Calculate the highest common divisor of 2 and 907.
1
Calculate the highest common divisor of 99 and 2893.
11
Calculate the highest common factor of 20230 and 68.
34
Calculate the highest common divisor of 183 and 2.
1
What is the greatest common divisor of 360 and 270?
90
What is the greatest common factor of 45 and 75?
15
What is the greatest common divisor of 7 and 3787?
7
What is the highest common divisor of 189 and 2016?
63
What is the highest common factor of 26 and 1066?
26
What is the greatest common factor of 118 and 9558?
118
Calculate the greatest common divisor of 759 and 66.
33
Calculate the greatest common factor of 706 and 2.
2
What is the greatest common factor of 108 and 486?
54
Calculate the greatest common factor of 11 and 33.
11
Calculate the greatest common factor of 78 and 11050.
26
What is the greatest common divisor of 12 and 5932?
4
What is the greatest common factor of 9 and 648?
9
Calculate the highest common factor of 1568 and 98.
98
What is the highest common divisor of 84 and 140?
28
Calculate the highest common divisor of 275 and 55.
55
Calculate the greatest common factor of 64 and 38432.
32
Calculate the highest common divisor of 12 and 15.
3
What is the highest common divisor of 100 and 70?
10
Calculate the highest common divisor of 319 and 899.
29
What is the highest common factor of 30 and 2385?
15
Calculate the highest common divisor of 14 and 1414.
14
Calculate the highest common factor of 247 and 39.
13
Calculate the greatest common divisor of 27 and 63.
9
Calculate the highest common divisor of 3213 and 27.
27
What is the highest common factor of 273 and 78?
39
What is the greatest common divisor of 3040 and 95?
95
What is the greatest common factor of 1992 and 24?
24
Calculate the greatest common divisor of 60 and 1590.
30
What is the greatest common divisor of 453 and 20687?
151
Calculate the greatest common factor of 51 and 527.
17
What is the highest common divisor of 814 and 296?
74
What is the highest common factor of 3809 and 13?
13
Calculate the highest common divisor of 1620 and 240.
60
Calculate the greatest common factor of 225 and 9.
9
Calculate the highest common divisor of 32 and 4.
4
Calculate the greatest common factor of 186 and 248.
62
What is the greatest common factor of 360 and 2805?
15
What is the greatest common factor of 4477 and 121?
121
What is the highest common divisor of 34 and 221?
17
Calculate the greatest common factor of 299 and 115.
23
What is the greatest common divisor of 57 and 10203?
57
What is the highest common factor of 3014 and 22?
22
What is the greatest common factor of 1053 and 78?
39
What is the highest common divisor of 370 and 10?
10
What is the highest common factor of 4329 and 13?
13
What is the highest common divisor of 262 and 44933?
131
Calculate the highest common factor of 54 and 12.
6
What is the highest common divisor of 2168 and 32?
8
What is the greatest common divisor of 2067 and 371?
53
What is the highest common divisor of 560 and 70?
70
What is the highest common factor of 296 and 851?
37
Calculate the greatest common divisor of 130 and 100.
10
What is the highest common factor of 23 and 14743?
23
Calculate the greatest common divisor of 133 and 57.
19
What is the highest common divisor of 72 and 207?
9
Calculate the greatest common factor of 1730 and 230.
10
What is the greatest common factor of 12276 and 180?
36
What is the greatest common divisor of 1404 and 52?
52
Calculate the greatest common factor of 221 and 13.
13
What is the highest common divisor of 116 and 20938?
58
What is the greatest common factor of 392 and 168?
56
What is the greatest common divisor of 65 and 325?
65
Calculate the greatest common factor of 1955 and 765.
85
Calculate the highest common divisor of 161 and 23.
23
Calculate the highest common factor of 14 and 16.
2
What is the greatest common factor of 78 and 858?
78
Calculate the greatest common factor of 20 and 460.
20
Calculate the greatest common divisor of 55468 and 196.
196
What is the greatest common factor of 3267 and 27?
27
Calculate the highest common divisor of 312 and 14586.
78
Calculate the highest common divisor of 406 and 14.
14
Calculate the highest common divisor of 406 and 546.
14
What is the highest common factor of 5408 and 32?
32
Calculate the greatest common factor of 20 and 1360.
20
Calculate the greatest common divisor of 425 and 51.
17
Calculate the highest common divisor of 80 and 70.
10
What is the highest common divisor of 31 and 31?
31
What is the highest common factor of 159 and 901?
53
What is the highest common factor of 786 and 66?
6
Calculate the highest common factor of 132 and 3564.
132
Calculate the greatest common factor of 15 and 285.
15
What is the highest common divisor of 93 and 3968?
31
Calculate the greatest common divisor of 182 and 988.
26
What is the highest common divisor of 4445 and 35?
35
What is the highest common divisor of 66 and 1338?
6
Calculate the greatest common factor of 48 and 216.
24
Calculate the highest common divisor of 351 and 270.
27
What is the greatest common divisor of 144 and 128?
16
What is the greatest common divisor of 140 and 340?
20
What is the greatest common divisor of 258 and 430?
86
What is the highest common divisor of 1807 and 78?
13
What is the highest common factor of 811 and 1?
1
Calculate the highest common divisor of 63 and 511.
7
What is the greatest common factor of 477 and 18?
9
Calculate the greatest common factor of 1430 and 110.
110
What is the highest common divisor of 16 and 272?
16
Calculate the highest common factor of 12 and 108.
12
What is the highest common divisor of 2960 and 20?
20
Calculate the greatest common factor of 120 and 2085.
15
Calculate the highest common factor of 18 and 3258.
18
Calculate the highest common divisor of 70 and 1680.
70
Calculate the greatest common factor of 286 and 33.
11
Calculate the highest common divisor of 93 and 3658.
31
Calculate the highest common factor of 43335 and 1215.
405
What is the greatest common divisor of 595 and 70?
35
Calculate the highest common factor of 78 and 5154.
6
What is the greatest common divisor of 616 and 77?
77
What is the highest common factor of 1134 and 42?
42
What is the highest common divisor of 18 and 342?
18
Calculate the greatest common factor of 24 and 1284.
12
Calculate the greatest common factor of 5126 and 22.
22
Calculate the greatest common divisor of 69 and 8487.
69
What is the greatest common divisor of 12 and 24252?
12
What is the greatest common divisor of 418 and 152?
38
What is the highest common divisor of 31 and 2077?
31
What is the greatest common factor of 17901 and 26?
13
Calculate the highest common divisor of 315 and 21.
21
What is the highest common divisor of 12996 and 228?
228
What is the highest common factor of 120 and 264?
24
Calculate the greatest common factor of 56 and 108.
4
Calculate the highest common divisor of 51400 and 20.
20
What is the greatest common factor of 2201 and 71?
71
Calculate the greatest common factor of 15 and 69.
3
What is the greatest common factor of 32 and 1?
1
What is the highest common divisor of 32 and 304?
16
Calculate the highest common divisor of 2 and 4656.
2
What is the highest common divisor of 80 and 288?
16
Calculate the greatest common factor of 427 and 305.
61
Calculate the highest common divisor of 22 and 3201.
11
Calculate the greatest common divisor of 742 and 60473.
371
Calculate the highest common factor of 126 and 98.
14
What is the highest common factor of 704 and 132?
44
Calculate the greatest common factor of 423 and 470.
47
Calculate the highest common factor of 650 and 50.
50
Calculate the greatest common divisor of 767 and 221.
13
